{"id":6503,"date":"2023-07-23T19:34:53","date_gmt":"2023-07-23T17:34:53","guid":{"rendered":"http:\/\/hesychia.eu\/?page_id=6503"},"modified":"2023-08-08T17:33:56","modified_gmt":"2023-08-08T15:33:56","slug":"saint-nicodeme-lathonite-honorons-les-martyrs-en-les-imitant","status":"publish","type":"page","link":"http:\/\/hesychia.eu\/index.php\/saint-nicodeme-lathonite-honorons-les-martyrs-en-les-imitant\/","title":{"rendered":"Saint Nicod\u00e8me l&rsquo;Athonite : \u00ab Honorons les martyrs en les imitant\u2026 \u00bb"},"content":{"rendered":"<p>&nbsp;<\/p>\n<div class=\"vlp-link-container vlp-layout-basic\"><a href=\"https:\/\/hesychia.eu\/index.php\/2022\/04\/09\/neo_martyrs_01\/\" class=\"vlp-link\" title=\"\u00ab Honorons les martyrs en les imitant\u2026 \u00bb I \/ III\"><\/a><div class=\"vlp-layout-zone-side\"><div class=\"vlp-block-2 vlp-link-image\"><img loading=\"lazy\" decoding=\"async\" style=\"max-width: 150px;\" width=\"150\" height=\"190\" src=\"https:\/\/hesychia.eu\/wp-content\/uploads\/2022\/04\/Nicodim.650px.03.jpg\" class=\"attachment-150x999 size-150x999\" alt=\"\" srcset=\"https:\/\/hesychia.eu\/wp-content\/uploads\/2022\/04\/Nicodim.650px.03.jpg 650w, https:\/\/hesychia.eu\/wp-content\/uploads\/2022\/04\/Nicodim.650px.03-237x300.jpg 237w\" sizes=\"auto, (max-width: 150px) 100vw, 150px\" \/><\/div><\/div><div class=\"vlp-layout-zone-main\"><div class=\"vlp-block-0 vlp-link-title\">\u00ab Honorons les martyrs en les imitant\u2026 \u00bb I \/ III<\/div><div class=\"vlp-block-1 vlp-link-summary\">B\u00e9ni sois-tu et glorifi\u00e9 dans tous les si\u00e8cles, \u00f4 J\u00e9sus-Christ notre Seigneur, martyris\u00e9 sous Ponce-Pilate, devant qui tu as&hellip;<\/div><\/div><\/div>\n<p>&nbsp;<\/p>\n<hr \/>\n<div class=\"vlp-link-container vlp-layout-basic\"><a href=\"https:\/\/hesychia.eu\/index.php\/2023\/08\/08\/saint-gregoire-v-patriarche-de-constantinople-i-iii\/\" class=\"vlp-link\" title=\"Saint Gr\u00e9goire V Patriarche de Constantinople I \/ III\"><\/a><div class=\"vlp-layout-zone-side\"><div class=\"vlp-block-2 vlp-link-image\"><img loading=\"lazy\" decoding=\"async\" style=\"max-width: 150px;\" width=\"150\" height=\"204\" src=\"https:\/\/hesychia.eu\/wp-content\/uploads\/2023\/08\/650px.-Agios-Grigorios-o-E\u0384.jpg\" class=\"attachment-150x999 size-150x999\" alt=\"\" srcset=\"https:\/\/hesychia.eu\/wp-content\/uploads\/2023\/08\/650px.-Agios-Grigorios-o-E\u0384.jpg 650w, https:\/\/hesychia.eu\/wp-content\/uploads\/2023\/08\/650px.-Agios-Grigorios-o-E\u0384-220x300.jpg 220w\" sizes=\"auto, (max-width: 150px) 100vw, 150px\" \/><\/div><\/div><div class=\"vlp-layout-zone-main\"><div class=\"vlp-block-0 vlp-link-title\">Saint Gr\u00e9goire V Patriarche de Constantinople I \/ III<\/div><\/div><\/div>\n<div class=\"vlp-link-container vlp-layout-basic\"><a href=\"https:\/\/hesychia.eu\/index.php\/2023\/08\/08\/saint-gregoire-v-patriarche-de-constantinople-ii-iii\/\" class=\"vlp-link\" title=\"Saint Gr\u00e9goire V Patriarche de Constantinople II \/ III\"><\/a><div class=\"vlp-layout-zone-side\"><div class=\"vlp-block-2 vlp-link-image\"><img loading=\"lazy\" decoding=\"async\" style=\"max-width: 150px;\" width=\"150\" height=\"204\" src=\"https:\/\/hesychia.eu\/wp-content\/uploads\/2023\/08\/650px.-Agios-Grigorios-o-E\u0384.jpg\" class=\"attachment-150x999 size-150x999\" alt=\"\" srcset=\"https:\/\/hesychia.eu\/wp-content\/uploads\/2023\/08\/650px.-Agios-Grigorios-o-E\u0384.jpg 650w, https:\/\/hesychia.eu\/wp-content\/uploads\/2023\/08\/650px.-Agios-Grigorios-o-E\u0384-220x300.jpg 220w\" sizes=\"auto, (max-width: 150px) 100vw, 150px\" \/><\/div><\/div><div class=\"vlp-layout-zone-main\"><div class=\"vlp-block-0 vlp-link-title\">Saint Gr\u00e9goire V Patriarche de Constantinople II \/ III<\/div><div class=\"vlp-block-1 vlp-link-summary\">Vers le milieu de l\u2019ann\u00e9e\u00a01818, Jean Pharmak\u00e8s le visita et lui donna des nouvelles de la Philiki H\u00e9tairia dont&hellip;<\/div><\/div><\/div>\n<div class=\"vlp-link-container vlp-layout-basic\"><a href=\"https:\/\/hesychia.eu\/index.php\/2023\/08\/08\/saint-gregoire-v-patriarche-de-constantinople-iii-iii\/\" class=\"vlp-link\" title=\"Saint Gr\u00e9goire V Patriarche de Constantinople III \/ III\"><\/a><div class=\"vlp-layout-zone-side\"><div class=\"vlp-block-2 vlp-link-image\"><img loading=\"lazy\" decoding=\"async\" style=\"max-width: 150px;\" width=\"150\" height=\"94\" src=\"https:\/\/hesychia.eu\/wp-content\/uploads\/2023\/08\/650px.-gregorios_e.jpg\" class=\"attachment-150x999 size-150x999\" alt=\"\" srcset=\"https:\/\/hesychia.eu\/wp-content\/uploads\/2023\/08\/650px.-gregorios_e.jpg 650w, https:\/\/hesychia.eu\/wp-content\/uploads\/2023\/08\/650px.-gregorios_e-300x188.jpg 300w\" sizes=\"auto, (max-width: 150px) 100vw, 150px\" \/><\/div><\/div><div class=\"vlp-layout-zone-main\"><div class=\"vlp-block-0 vlp-link-title\">Saint Gr\u00e9goire V Patriarche de Constantinople III \/ III<\/div><div class=\"vlp-block-1 vlp-link-summary\">Jean Pharmak\u00e8s apporta \u00e0 Gr\u00e9goire des nouvelles de l\u2019H\u00e9tairie. Le Patriarche manifesta tout l\u2019int\u00e9r\u00eat qu\u2019il portait \u00e0 la soci\u00e9t\u00e9,&hellip;<\/div><\/div><\/div>\n<p>&nbsp;<\/p>\n<div class=\"vlp-link-container vlp-layout-basic\"><a href=\"https:\/\/hesychia.eu\/index.php\/terre_musulmane\/\" class=\"vlp-link\" title=\"Chr\u00e9tiens en terre musulmane\"><\/a><div class=\"vlp-layout-zone-side\"><div class=\"vlp-block-2 vlp-link-image\"><img loading=\"lazy\" decoding=\"async\" style=\"max-width: 150px;\" width=\"150\" height=\"104\" src=\"https:\/\/hesychia.eu\/wp-content\/uploads\/2023\/07\/650px.-beautiesofbospho00parduoft_orig_0122.jpg\" class=\"attachment-150x999 size-150x999\" alt=\"\" srcset=\"https:\/\/hesychia.eu\/wp-content\/uploads\/2023\/07\/650px.-beautiesofbospho00parduoft_orig_0122.jpg 650w, https:\/\/hesychia.eu\/wp-content\/uploads\/2023\/07\/650px.-beautiesofbospho00parduoft_orig_0122-300x209.jpg 300w\" sizes=\"auto, (max-width: 150px) 100vw, 150px\" \/><\/div><\/div><div class=\"vlp-layout-zone-main\"><div class=\"vlp-block-0 vlp-link-title\">Chr\u00e9tiens en terre musulmane<\/div><\/div><\/div>\n<p>&nbsp;<\/p>\n","protected":false},"excerpt":{"rendered":"<p>&nbsp; &nbsp; &nbsp; &nbsp;<\/p>\n","protected":false},"author":1,"featured_media":5372,"parent":0,"menu_order":0,"comment_status":"open","ping_status":"closed","template":"","meta":{"footnotes":""},"class_list":["post-6503","page","type-page","status-publish","has-post-thumbnail","hentry"],"_links":{"self":[{"href":"https:\/\/hesychia.eu\/index.php\/wp-json\/wp\/v2\/pages\/6503","targetHints":{"allow":["GET"]}}],"collection":[{"href":"https:\/\/hesychia.eu\/index.php\/wp-json\/wp\/v2\/pages"}],"about":[{"href":"https:\/\/hesychia.eu\/index.php\/wp-json\/wp\/v2\/types\/page"}],"author":[{"embeddable":true,"href":"https:\/\/hesychia.eu\/index.php\/wp-json\/wp\/v2\/users\/1"}],"replies":[{"embeddable":true,"href":"https:\/\/hesychia.eu\/index.php\/wp-json\/wp\/v2\/comments?post=6503"}],"version-history":[{"count":5,"href":"https:\/\/hesychia.eu\/index.php\/wp-json\/wp\/v2\/pages\/6503\/revisions"}],"predecessor-version":[{"id":6620,"href":"https:\/\/hesychia.eu\/index.php\/wp-json\/wp\/v2\/pages\/6503\/revisions\/6620"}],"wp:featuredmedia":[{"embeddable":true,"href":"https:\/\/hesychia.eu\/index.php\/wp-json\/wp\/v2\/media\/5372"}],"wp:attachment":[{"href":"https:\/\/hesychia.eu\/index.php\/wp-json\/wp\/v2\/media?parent=6503"}],"curies":[{"name":"wp","href":"https:\/\/api.w.org\/{rel}","templated":true}]}}

Saint Nicodème l&rsquo;Athonite : « Honorons les martyrs en les imitant… »

<p>&nbsp;</p>
<div class="vlp-link-container vlp-layout-basic"><a href="https://hesychia.eu/index.php/2022/04/09/neo_martyrs_01/" class="vlp-link" title="« Honorons les martyrs en les imitant… » I / III"></a><div class="vlp-layout-zone-side"><div class="vlp-block-2 vlp-link-image"><img loading="lazy" decoding="async" style="max-width: 150px;" width="150" height="190" src="https://hesychia.eu/wp-content/uploads/2022/04/Nicodim.650px.03.jpg" class="attachment-150x999 size-150x999" alt="" srcset="https://hesychia.eu/wp-content/uploads/2022/04/Nicodim.650px.03.jpg 650w, https://hesychia.eu/wp-content/uploads/2022/04/Nicodim.650px.03-237x300.jpg 237w" sizes="auto, (max-width: 150px) 100vw, 150px" /></div></div><div class="vlp-layout-zone-main"><div class="vlp-block-0 vlp-link-title">« Honorons les martyrs en les imitant… » I / III</div><div class="vlp-block-1 vlp-link-summary">Béni sois-tu et glorifié dans tous les siècles, ô Jésus-Christ notre Seigneur, martyrisé sous Ponce-Pilate, devant qui tu as&hellip;</div></div></div>
<p>&nbsp;</p>
<hr />
<div class="vlp-link-container vlp-layout-basic"><a href="https://hesychia.eu/index.php/2023/08/08/saint-gregoire-v-patriarche-de-constantinople-i-iii/" class="vlp-link" title="Saint Grégoire V Patriarche de Constantinople I / III"></a><div class="vlp-layout-zone-side"><div class="vlp-block-2 vlp-link-image"><img loading="lazy" decoding="async" style="max-width: 150px;" width="150" height="204" src="https://hesychia.eu/wp-content/uploads/2023/08/650px.-Agios-Grigorios-o-E΄.jpg" class="attachment-150x999 size-150x999" alt="" srcset="https://hesychia.eu/wp-content/uploads/2023/08/650px.-Agios-Grigorios-o-E΄.jpg 650w, https://hesychia.eu/wp-content/uploads/2023/08/650px.-Agios-Grigorios-o-E΄-220x300.jpg 220w" sizes="auto, (max-width: 150px) 100vw, 150px" /></div></div><div class="vlp-layout-zone-main"><div class="vlp-block-0 vlp-link-title">Saint Grégoire V Patriarche de Constantinople I / III</div></div></div>
<div class="vlp-link-container vlp-layout-basic"><a href="https://hesychia.eu/index.php/2023/08/08/saint-gregoire-v-patriarche-de-constantinople-ii-iii/" class="vlp-link" title="Saint Grégoire V Patriarche de Constantinople II / III"></a><div class="vlp-layout-zone-side"><div class="vlp-block-2 vlp-link-image"><img loading="lazy" decoding="async" style="max-width: 150px;" width="150" height="204" src="https://hesychia.eu/wp-content/uploads/2023/08/650px.-Agios-Grigorios-o-E΄.jpg" class="attachment-150x999 size-150x999" alt="" srcset="https://hesychia.eu/wp-content/uploads/2023/08/650px.-Agios-Grigorios-o-E΄.jpg 650w, https://hesychia.eu/wp-content/uploads/2023/08/650px.-Agios-Grigorios-o-E΄-220x300.jpg 220w" sizes="auto, (max-width: 150px) 100vw, 150px" /></div></div><div class="vlp-layout-zone-main"><div class="vlp-block-0 vlp-link-title">Saint Grégoire V Patriarche de Constantinople II / III</div><div class="vlp-block-1 vlp-link-summary">Vers le milieu de l’année 1818, Jean Pharmakès le visita et lui donna des nouvelles de la Philiki Hétairia dont&hellip;</div></div></div>
<div class="vlp-link-container vlp-layout-basic"><a href="https://hesychia.eu/index.php/2023/08/08/saint-gregoire-v-patriarche-de-constantinople-iii-iii/" class="vlp-link" title="Saint Grégoire V Patriarche de Constantinople III / III"></a><div class="vlp-layout-zone-side"><div class="vlp-block-2 vlp-link-image"><img loading="lazy" decoding="async" style="max-width: 150px;" width="150" height="94" src="https://hesychia.eu/wp-content/uploads/2023/08/650px.-gregorios_e.jpg" class="attachment-150x999 size-150x999" alt="" srcset="https://hesychia.eu/wp-content/uploads/2023/08/650px.-gregorios_e.jpg 650w, https://hesychia.eu/wp-content/uploads/2023/08/650px.-gregorios_e-300x188.jpg 300w" sizes="auto, (max-width: 150px) 100vw, 150px" /></div></div><div class="vlp-layout-zone-main"><div class="vlp-block-0 vlp-link-title">Saint Grégoire V Patriarche de Constantinople III / III</div><div class="vlp-block-1 vlp-link-summary">Jean Pharmakès apporta à Grégoire des nouvelles de l’Hétairie. Le Patriarche manifesta tout l’intérêt qu’il portait à la société,&hellip;</div></div></div>
<p>&nbsp;</p>
<div class="vlp-link-container vlp-layout-basic"><a href="https://hesychia.eu/index.php/terre_musulmane/" class="vlp-link" title="Chrétiens en terre musulmane"></a><div class="vlp-layout-zone-side"><div class="vlp-block-2 vlp-link-image"><img loading="lazy" decoding="async" style="max-width: 150px;" width="150" height="104" src="https://hesychia.eu/wp-content/uploads/2023/07/650px.-beautiesofbospho00parduoft_orig_0122.jpg" class="attachment-150x999 size-150x999" alt="" srcset="https://hesychia.eu/wp-content/uploads/2023/07/650px.-beautiesofbospho00parduoft_orig_0122.jpg 650w, https://hesychia.eu/wp-content/uploads/2023/07/650px.-beautiesofbospho00parduoft_orig_0122-300x209.jpg 300w" sizes="auto, (max-width: 150px) 100vw, 150px" /></div></div><div class="vlp-layout-zone-main"><div class="vlp-block-0 vlp-link-title">Chrétiens en terre musulmane</div></div></div>
<p>&nbsp;</p>
