{"id":5080,"date":"2022-02-19T23:40:17","date_gmt":"2022-02-19T22:40:17","guid":{"rendered":"http:\/\/hesychia.eu\/?page_id=5080"},"modified":"2025-01-27T19:15:05","modified_gmt":"2025-01-27T18:15:05","slug":"marcel-petrisor-1930-2021","status":"publish","type":"page","link":"https:\/\/hesychia.eu\/index.php\/marcel-petrisor-1930-2021\/","title":{"rendered":"Marcel Petri\u0219or [1930-2021]"},"content":{"rendered":"<div class='__iawmlf-post-loop-links' style='display:none;' data-iawmlf-post-links='[{&quot;id&quot;:571,&quot;href&quot;:&quot;https:\\\/\\\/legionarymovement.wordpress.com\\\/2015\\\/08\\\/09\\\/marcel-petrisor-quelque-part-a-lest&quot;,&quot;archived_href&quot;:&quot;&quot;,&quot;redirect_href&quot;:&quot;https:\\\/\\\/legionarymovement.wordpress.com\\\/2015\\\/08\\\/09\\\/marcel-petrisor-quelque-part-a-lest\\\/&quot;,&quot;checks&quot;:[],&quot;broken&quot;:false,&quot;last_checked&quot;:null,&quot;process&quot;:&quot;done&quot;}]'><\/div>\n<p>&nbsp;<\/p>\n<h3 style=\"text-align: center;\"><strong><a href=\"https:\/\/legionarymovement.wordpress.com\/2015\/08\/09\/marcel-petrisor-quelque-part-a-lest\/\" target=\"_blank\" rel=\"noopener\">BIOGRAPHIE<\/a><br \/>\n<\/strong><\/h3>\n<p><strong>N\u00e9 le 13 avril 1930<\/strong> au village d\u2019Ocisor du d\u00e9partement d\u2019Arad, en Roumanie.<\/p>\n<p>L\u2019\u00e9cole primaire \u2013 4 classes \u2013 dans son village natal. Le parents, instituteurs, lui ont appris \u00e0 lire et \u00e0 \u00e9crire avec de petits pains, des brioches et de la polenta en forme de lettres. Ce qui fait que l\u2019alphabet\u2026 il l\u2019a \u00e9crit, lu et\u2026 mang\u00e9.<\/p>\n<p>Les \u00e9tudes secondaires ont \u00e9t\u00e9 effectu\u00e9es aux lyc\u00e9es d\u2019\u00e9tudes classiques de D\u00e9va et de Brad, entre 1940 et 1948 ; les \u00e9tudes sup\u00e9rieures, \u00e0 Cluj et \u00e0 Bucarest, respectivement la \u00a0 Philosophie entre 1949 et 1952 \u00e0 l\u2019Universit\u00e9 de Cluj et les Lettres Modernes \u00e0 la Facult\u00e9 de Langues Romanes de l\u2019Universit\u00e9 de Bucarest entre 1964 et 1970.<\/p>\n<p><strong>Arr\u00eat\u00e9 \u00e0 Bucarest le 13 avril 1952,<\/strong> il a \u00e9t\u00e9 condamn\u00e9 pour \u00ab\u00a0<strong><em>omission de d\u00e9nonciation<\/em>\u00a0<\/strong>\u00bb \u00e0 un an et six mois de prison. <strong>Lib\u00e9r\u00e9 pourtant seulement en 1956,<\/strong> apr\u00e8s quatre ans et quatre mois de d\u00e9tention dans les p\u00e9nitenciers de Jilava, Gherla et A\u00efud.<\/p>\n<p><strong>Arr\u00eat\u00e9 \u00e0 nouveau apr\u00e8s quelques mois, en 1956<\/strong>, sous l\u2019accusation de \u00ab\u00a0<strong><em>crime contre la s\u00e9curit\u00e9 de l\u2019\u00c9tat<\/em>\u00a0<\/strong>\u00bb (en Hongrie avait lieu l\u2019insurrection de 1956 qui donnait des id\u00e9es aux \u00e9tudiants roumains) et <strong>condamn\u00e9 \u00e0 mort<\/strong> conform\u00e9ment \u00e0 l\u2019article 109 du Code P\u00e9nal, alin\u00e9a 1. Peine commu\u00e9e \u00e0 \u00ab\u00a0<strong><em>travaux forc\u00e9s \u00e0 vie<\/em><\/strong>\u00a0\u00bb apr\u00e8s le recours. A accompli encore <strong>huit ann\u00e9es de d\u00e9tention<\/strong> : dans les sous-sols du Minist\u00e8re de l\u2019Int\u00e9rieur \u2013 deux ans ; dans le p\u00e9nitencier de Jilava \u2013 quatre ans ; dans celui d\u2019A\u00efud \u2013 deux ans.<\/p>\n<p><strong>Lib\u00e9r\u00e9 en 1964<\/strong>, il s\u2019est inscrit \u00e0 la Facult\u00e9 de Langues Romanes de l\u2019Universit\u00e9 de Bucarest, o\u00f9 il a pass\u00e9 sa ma\u00eetrise en 1970, quand il a \u00e9t\u00e9 nomm\u00e9 professeur de Fran\u00e7ais et d\u2019Espagnol aux lyc\u00e9es Iulia Hasdeu et Spiru Haret de Bucarest.<\/p>\n<p><strong>En 1973<\/strong> a \u00e9t\u00e9 re\u00e7u dans l\u2019Union des \u00c9crivains de Roumanie et en 1986 \u00e0 re\u00e7u le \u00ab\u00a0Prix National de Litt\u00e9rature \u2013 prose\u00a0\u00bb.<\/p>\n<p>Apr\u00e8s les \u00e9v\u00e9nements de Roumanie de 1989, il a \u00e9t\u00e9 \u00e9lu vice-pr\u00e9sident du Parti Chr\u00e9tien-D\u00e9mocrate de Roumanie et en 1997 celui de l\u2019Association des Anciens D\u00e9tenus Politiques Anticommunistes de Roumanie, fonction qu\u2019il d\u00e9tient toujours.<\/p>\n<p>Il a donn\u00e9 des cours \u00e0 l\u2019Universit\u00e9 Titu Maiorescu de Bucarest : cours de Langue et de Litt\u00e9rature Fran\u00e7aise \u00e0 la Facult\u00e9 de Droit et cours d\u2019Esth\u00e9tique \u00e0 la Facult\u00e9 de Langues Modernes.<\/p>\n<p>Depuis des ann\u00e9es, il vit entre la Roumanie et la France, o\u00f9 son \u00e9pouse s\u2019\u00e9tait r\u00e9fugi\u00e9e en 1986.<\/p>\n<p>&nbsp;<\/p>\n<p>&nbsp;<\/p>\n<div class=\"vlp-link-container vlp-layout-basic\"><a href=\"https:\/\/hesychia.eu\/index.php\/2022\/02\/19\/une-experience-abyssale-i\/\" class=\"vlp-link\" title=\"Une exp\u00e9rience abyssale \u2014 Iulian Grigoriu en dialogue avec le P\u00e8re Gheorghe Calciu-Dumitreasa et l\u2019\u00e9crivain Marcel Petri\u0219or I\/ III\"><\/a><div class=\"vlp-layout-zone-side\"><div class=\"vlp-block-2 vlp-link-image\"><img loading=\"lazy\" decoding=\"async\" style=\"max-width: 150px;\" width=\"150\" height=\"202\" src=\"https:\/\/hesychia.eu\/wp-content\/uploads\/2020\/08\/web.650px.02.jpg\" class=\"attachment-150x999 size-150x999\" alt=\"\" srcset=\"https:\/\/hesychia.eu\/wp-content\/uploads\/2020\/08\/web.650px.02.jpg 650w, https:\/\/hesychia.eu\/wp-content\/uploads\/2020\/08\/web.650px.02-222x300.jpg 222w\" sizes=\"auto, (max-width: 150px) 100vw, 150px\" \/><\/div><\/div><div class=\"vlp-layout-zone-main\"><div class=\"vlp-block-0 vlp-link-title\">Une exp\u00e9rience abyssale \u2014 Iulian Grigoriu en dialogue avec le P\u00e8re Gheorghe Calciu-Dumitreasa et l\u2019\u00e9crivain Marcel Petri\u0219or I\/ III<\/div><div class=\"vlp-block-1 vlp-link-summary\">P. Gheorghe Calciu-Dumitreasa (n\u00e9 en 1927), prisonnier politique pendant 21\u00a0ans dans les cachots communistes. Il a publi\u00e9\u00a0: \u201cSept paroles&hellip;<\/div><\/div><\/div>\n<div class=\"vlp-link-container vlp-layout-basic\"><a href=\"https:\/\/hesychia.eu\/index.php\/2023\/07\/21\/abyss_02\/\" class=\"vlp-link\" title=\"Une exp\u00e9rience abyssale \u2014 Iulian Grigoriu en dialogue avec le P\u00e8re Gheorghe Calciu-Dumitreasa et l\u2019\u00e9crivain Marcel Petri\u0219or II\/ III\"><\/a><div class=\"vlp-layout-zone-side\"><div class=\"vlp-block-2 vlp-link-image\"><img loading=\"lazy\" decoding=\"async\" style=\"max-width: 150px;\" width=\"150\" height=\"188\" src=\"https:\/\/hesychia.eu\/wp-content\/uploads\/2023\/07\/650px.-GhC-PC-3.jpg\" class=\"attachment-150x999 size-150x999\" alt=\"\" srcset=\"https:\/\/hesychia.eu\/wp-content\/uploads\/2023\/07\/650px.-GhC-PC-3.jpg 650w, https:\/\/hesychia.eu\/wp-content\/uploads\/2023\/07\/650px.-GhC-PC-3-240x300.jpg 240w\" sizes=\"auto, (max-width: 150px) 100vw, 150px\" \/><\/div><\/div><div class=\"vlp-layout-zone-main\"><div class=\"vlp-block-0 vlp-link-title\">Une exp\u00e9rience abyssale \u2014 Iulian Grigoriu en dialogue avec le P\u00e8re Gheorghe Calciu-Dumitreasa et l\u2019\u00e9crivain Marcel Petri\u0219or II\/ III<\/div><div class=\"vlp-block-1 vlp-link-summary\">I.G.\u00a0: P\u00e8re, dans le \u00ab\u2009Journal de la f\u00e9licit\u00e9\u2009\u00bb, Nicolae Steinhardt parle de trois solutions la\u00efques qui peuvent vous aider&hellip;<\/div><\/div><\/div>\n<div class=\"vlp-link-container vlp-layout-basic\"><a href=\"https:\/\/hesychia.eu\/index.php\/2025\/01\/27\/experience_abyssale_03\/\" class=\"vlp-link\" title=\"Une exp\u00e9rience abyssale \u2014 Iulian Grigoriu en dialogue avec le P\u00e8re Gheorghe Calciu-Dumitreasa et l\u2019\u00e9crivain Marcel Petri\u0219or III\/ III\"><\/a><div class=\"vlp-layout-zone-side\"><div class=\"vlp-block-2 vlp-link-image\"><img loading=\"lazy\" decoding=\"async\" style=\"max-width: 150px;\" width=\"150\" height=\"205\" src=\"https:\/\/hesychia.eu\/wp-content\/uploads\/2025\/01\/650px.-277774851__n.jpg\" class=\"attachment-150x999 size-150x999\" alt=\"\" srcset=\"https:\/\/hesychia.eu\/wp-content\/uploads\/2025\/01\/650px.-277774851__n.jpg 650w, https:\/\/hesychia.eu\/wp-content\/uploads\/2025\/01\/650px.-277774851__n-220x300.jpg 220w\" sizes=\"auto, (max-width: 150px) 100vw, 150px\" \/><\/div><\/div><div class=\"vlp-layout-zone-main\"><div class=\"vlp-block-0 vlp-link-title\">Une exp\u00e9rience abyssale \u2014 Iulian Grigoriu en dialogue avec le P\u00e8re Gheorghe Calciu-Dumitreasa et l\u2019\u00e9crivain Marcel Petri\u0219or III\/ III<\/div><div class=\"vlp-block-1 vlp-link-summary\">&nbsp; P. Calciu: Plus tard, lorsque je suis sorti de prison, j\u2019ai \u00e9t\u00e9 assign\u00e9 \u00e0 r\u00e9sidence. J\u2019avais 40 agents qui me gardaient, repartis en trois \u00e9quipes.<\/div><\/div><\/div>\n<p>&nbsp;<\/p>\n","protected":false},"excerpt":{"rendered":"<p>&nbsp; BIOGRAPHIE N\u00e9 le 13 avril 1930 au village d\u2019Ocisor du d\u00e9partement d\u2019Arad, en Roumanie. L\u2019\u00e9cole primaire \u2013 4&hellip;<\/p>\n","protected":false},"author":1,"featured_media":5067,"parent":0,"menu_order":0,"comment_status":"open","ping_status":"closed","template":"","meta":{"footnotes":""},"class_list":["post-5080","page","type-page","status-publish","has-post-thumbnail","hentry"],"_links":{"self":[{"href":"https:\/\/hesychia.eu\/index.php\/wp-json\/wp\/v2\/pages\/5080","targetHints":{"allow":["GET"]}}],"collection":[{"href":"https:\/\/hesychia.eu\/index.php\/wp-json\/wp\/v2\/pages"}],"about":[{"href":"https:\/\/hesychia.eu\/index.php\/wp-json\/wp\/v2\/types\/page"}],"author":[{"embeddable":true,"href":"https:\/\/hesychia.eu\/index.php\/wp-json\/wp\/v2\/users\/1"}],"replies":[{"embeddable":true,"href":"https:\/\/hesychia.eu\/index.php\/wp-json\/wp\/v2\/comments?post=5080"}],"version-history":[{"count":10,"href":"https:\/\/hesychia.eu\/index.php\/wp-json\/wp\/v2\/pages\/5080\/revisions"}],"predecessor-version":[{"id":7895,"href":"https:\/\/hesychia.eu\/index.php\/wp-json\/wp\/v2\/pages\/5080\/revisions\/7895"}],"wp:featuredmedia":[{"embeddable":true,"href":"https:\/\/hesychia.eu\/index.php\/wp-json\/wp\/v2\/media\/5067"}],"wp:attachment":[{"href":"https:\/\/hesychia.eu\/index.php\/wp-json\/wp\/v2\/media?parent=5080"}],"curies":[{"name":"wp","href":"https:\/\/api.w.org\/{rel}","templated":true}]}}

Marcel Petrișor [1930-2021]

<div class='__iawmlf-post-loop-links' style='display:none;' data-iawmlf-post-links='[{&quot;id&quot;:571,&quot;href&quot;:&quot;https:\/\/legionarymovement.wordpress.com\/2015\/08\/09\/marcel-petrisor-quelque-part-a-lest&quot;,&quot;archived_href&quot;:&quot;&quot;,&quot;redirect_href&quot;:&quot;https:\/\/legionarymovement.wordpress.com\/2015\/08\/09\/marcel-petrisor-quelque-part-a-lest\/&quot;,&quot;checks&quot;:[],&quot;broken&quot;:false,&quot;last_checked&quot;:null,&quot;process&quot;:&quot;done&quot;}]'></div>
<p>&nbsp;</p>
<h3 style="text-align: center;"><strong><a href="https://legionarymovement.wordpress.com/2015/08/09/marcel-petrisor-quelque-part-a-lest/" target="_blank" rel="noopener">BIOGRAPHIE</a><br />
</strong></h3>
<p><strong>Né le 13 avril 1930</strong> au village d’Ocisor du département d’Arad, en Roumanie.</p>
<p>L’école primaire – 4 classes – dans son village natal. Le parents, instituteurs, lui ont appris à lire et à écrire avec de petits pains, des brioches et de la polenta en forme de lettres. Ce qui fait que l’alphabet… il l’a écrit, lu et… mangé.</p>
<p>Les études secondaires ont été effectuées aux lycées d’études classiques de Déva et de Brad, entre 1940 et 1948 ; les études supérieures, à Cluj et à Bucarest, respectivement la   Philosophie entre 1949 et 1952 à l’Université de Cluj et les Lettres Modernes à la Faculté de Langues Romanes de l’Université de Bucarest entre 1964 et 1970.</p>
<p><strong>Arrêté à Bucarest le 13 avril 1952,</strong> il a été condamné pour « <strong><em>omission de dénonciation</em> </strong>» à un an et six mois de prison. <strong>Libéré pourtant seulement en 1956,</strong> après quatre ans et quatre mois de détention dans les pénitenciers de Jilava, Gherla et Aïud.</p>
<p><strong>Arrêté à nouveau après quelques mois, en 1956</strong>, sous l’accusation de « <strong><em>crime contre la sécurité de l’État</em> </strong>» (en Hongrie avait lieu l’insurrection de 1956 qui donnait des idées aux étudiants roumains) et <strong>condamné à mort</strong> conformément à l’article 109 du Code Pénal, alinéa 1. Peine commuée à « <strong><em>travaux forcés à vie</em></strong> » après le recours. A accompli encore <strong>huit années de détention</strong> : dans les sous-sols du Ministère de l’Intérieur – deux ans ; dans le pénitencier de Jilava – quatre ans ; dans celui d’Aïud – deux ans.</p>
<p><strong>Libéré en 1964</strong>, il s’est inscrit à la Faculté de Langues Romanes de l’Université de Bucarest, où il a passé sa maîtrise en 1970, quand il a été nommé professeur de Français et d’Espagnol aux lycées Iulia Hasdeu et Spiru Haret de Bucarest.</p>
<p><strong>En 1973</strong> a été reçu dans l’Union des Écrivains de Roumanie et en 1986 à reçu le « Prix National de Littérature – prose ».</p>
<p>Après les événements de Roumanie de 1989, il a été élu vice-président du Parti Chrétien-Démocrate de Roumanie et en 1997 celui de l’Association des Anciens Détenus Politiques Anticommunistes de Roumanie, fonction qu’il détient toujours.</p>
<p>Il a donné des cours à l’Université Titu Maiorescu de Bucarest : cours de Langue et de Littérature Française à la Faculté de Droit et cours d’Esthétique à la Faculté de Langues Modernes.</p>
<p>Depuis des années, il vit entre la Roumanie et la France, où son épouse s’était réfugiée en 1986.</p>
<p>&nbsp;</p>
<p>&nbsp;</p>
<div class="vlp-link-container vlp-layout-basic"><a href="https://hesychia.eu/index.php/2022/02/19/une-experience-abyssale-i/" class="vlp-link" title="Une expérience abyssale — Iulian Grigoriu en dialogue avec le Père Gheorghe Calciu-Dumitreasa et l’écrivain Marcel Petrișor I/ III"></a><div class="vlp-layout-zone-side"><div class="vlp-block-2 vlp-link-image"><img loading="lazy" decoding="async" style="max-width: 150px;" width="150" height="202" src="https://hesychia.eu/wp-content/uploads/2020/08/web.650px.02.jpg" class="attachment-150x999 size-150x999" alt="" srcset="https://hesychia.eu/wp-content/uploads/2020/08/web.650px.02.jpg 650w, https://hesychia.eu/wp-content/uploads/2020/08/web.650px.02-222x300.jpg 222w" sizes="auto, (max-width: 150px) 100vw, 150px" /></div></div><div class="vlp-layout-zone-main"><div class="vlp-block-0 vlp-link-title">Une expérience abyssale — Iulian Grigoriu en dialogue avec le Père Gheorghe Calciu-Dumitreasa et l’écrivain Marcel Petrișor I/ III</div><div class="vlp-block-1 vlp-link-summary">P. Gheorghe Calciu-Dumitreasa (né en 1927), prisonnier politique pendant 21 ans dans les cachots communistes. Il a publié : “Sept paroles&hellip;</div></div></div>
<div class="vlp-link-container vlp-layout-basic"><a href="https://hesychia.eu/index.php/2023/07/21/abyss_02/" class="vlp-link" title="Une expérience abyssale — Iulian Grigoriu en dialogue avec le Père Gheorghe Calciu-Dumitreasa et l’écrivain Marcel Petrișor II/ III"></a><div class="vlp-layout-zone-side"><div class="vlp-block-2 vlp-link-image"><img loading="lazy" decoding="async" style="max-width: 150px;" width="150" height="188" src="https://hesychia.eu/wp-content/uploads/2023/07/650px.-GhC-PC-3.jpg" class="attachment-150x999 size-150x999" alt="" srcset="https://hesychia.eu/wp-content/uploads/2023/07/650px.-GhC-PC-3.jpg 650w, https://hesychia.eu/wp-content/uploads/2023/07/650px.-GhC-PC-3-240x300.jpg 240w" sizes="auto, (max-width: 150px) 100vw, 150px" /></div></div><div class="vlp-layout-zone-main"><div class="vlp-block-0 vlp-link-title">Une expérience abyssale — Iulian Grigoriu en dialogue avec le Père Gheorghe Calciu-Dumitreasa et l’écrivain Marcel Petrișor II/ III</div><div class="vlp-block-1 vlp-link-summary">I.G. : Père, dans le « Journal de la félicité », Nicolae Steinhardt parle de trois solutions laïques qui peuvent vous aider&hellip;</div></div></div>
<div class="vlp-link-container vlp-layout-basic"><a href="https://hesychia.eu/index.php/2025/01/27/experience_abyssale_03/" class="vlp-link" title="Une expérience abyssale — Iulian Grigoriu en dialogue avec le Père Gheorghe Calciu-Dumitreasa et l’écrivain Marcel Petrișor III/ III"></a><div class="vlp-layout-zone-side"><div class="vlp-block-2 vlp-link-image"><img loading="lazy" decoding="async" style="max-width: 150px;" width="150" height="205" src="https://hesychia.eu/wp-content/uploads/2025/01/650px.-277774851__n.jpg" class="attachment-150x999 size-150x999" alt="" srcset="https://hesychia.eu/wp-content/uploads/2025/01/650px.-277774851__n.jpg 650w, https://hesychia.eu/wp-content/uploads/2025/01/650px.-277774851__n-220x300.jpg 220w" sizes="auto, (max-width: 150px) 100vw, 150px" /></div></div><div class="vlp-layout-zone-main"><div class="vlp-block-0 vlp-link-title">Une expérience abyssale — Iulian Grigoriu en dialogue avec le Père Gheorghe Calciu-Dumitreasa et l’écrivain Marcel Petrișor III/ III</div><div class="vlp-block-1 vlp-link-summary">&nbsp; P. Calciu: Plus tard, lorsque je suis sorti de prison, j’ai été assigné à résidence. J’avais 40 agents qui me gardaient, repartis en trois équipes.</div></div></div>
<p>&nbsp;</p>

<p>&nbsp; BIOGRAPHIE Né le 13 avril 1930 au village d’Ocisor du département d’Arad, en Roumanie. L’école primaire – 4&hellip;</p>
