{"id":4781,"date":"2021-11-28T22:57:26","date_gmt":"2021-11-28T21:57:26","guid":{"rendered":"http:\/\/hesychia.eu\/?page_id=4781"},"modified":"2021-11-29T12:06:11","modified_gmt":"2021-11-29T11:06:11","slug":"saint-maxime-le-confesseur","status":"publish","type":"page","link":"https:\/\/hesychia.eu\/index.php\/saint-maxime-le-confesseur\/","title":{"rendered":"Saint Maxime le Confesseur [\u2020662 \u2013 F\u00eat\u00e9 le 21 janvier]"},"content":{"rendered":"<p>&nbsp;<br \/>\n&nbsp;<br \/>\n<div class=\"vlp-link-container vlp-layout-basic\"><a href=\"https:\/\/hesychia.eu\/index.php\/maxime_confession\/\" class=\"vlp-link\" title=\"Maxime le Confesseur \u2013 Les \u00e9tapes de la confession\"><\/a><div class=\"vlp-layout-zone-side\"><div class=\"vlp-block-2 vlp-link-image\"><img loading=\"lazy\" decoding=\"async\" style=\"max-width: 150px;\" width=\"150\" height=\"134\" src=\"https:\/\/hesychia.eu\/wp-content\/uploads\/2021\/11\/sfantul_maxim_marturisitorul.650px.04.jpg\" class=\"attachment-150x999 size-150x999\" alt=\"\" srcset=\"https:\/\/hesychia.eu\/wp-content\/uploads\/2021\/11\/sfantul_maxim_marturisitorul.650px.04.jpg 650w, https:\/\/hesychia.eu\/wp-content\/uploads\/2021\/11\/sfantul_maxim_marturisitorul.650px.04-300x269.jpg 300w\" sizes=\"auto, (max-width: 150px) 100vw, 150px\" \/><\/div><\/div><div class=\"vlp-layout-zone-main\"><div class=\"vlp-block-0 vlp-link-title\">Maxime le Confesseur \u2013 Les \u00e9tapes de la confession<\/div><div class=\"vlp-block-1 vlp-link-summary\">&nbsp; &nbsp; &nbsp; &nbsp; &nbsp;<\/div><\/div><\/div>\n&nbsp;<br \/>\n<div class=\"vlp-link-container vlp-layout-basic\"><a href=\"https:\/\/hesychia.eu\/index.php\/2021\/11\/28\/maxime-confesseur\/\" class=\"vlp-link\" title=\"M\u00e9moire de notre v\u00e9n\u00e9rable P\u00e8re Maxime le Confesseur [\u2020662 \u2013 F\u00eat\u00e9 le 21 janvier]\"><\/a><div class=\"vlp-layout-zone-side\"><div class=\"vlp-block-2 vlp-link-image\"><img loading=\"lazy\" decoding=\"async\" style=\"max-width: 150px;\" width=\"150\" height=\"184\" src=\"https:\/\/hesychia.eu\/wp-content\/uploads\/2021\/11\/sfantul_maxim_marturisitorul.650px.05.jpg\" class=\"attachment-150x999 size-150x999\" alt=\"\" srcset=\"https:\/\/hesychia.eu\/wp-content\/uploads\/2021\/11\/sfantul_maxim_marturisitorul.650px.05.jpg 650w, https:\/\/hesychia.eu\/wp-content\/uploads\/2021\/11\/sfantul_maxim_marturisitorul.650px.05-244x300.jpg 244w\" sizes=\"auto, (max-width: 150px) 100vw, 150px\" \/><\/div><\/div><div class=\"vlp-layout-zone-main\"><div class=\"vlp-block-0 vlp-link-title\">M\u00e9moire de notre v\u00e9n\u00e9rable P\u00e8re Maxime le Confesseur [\u2020662 \u2013 F\u00eat\u00e9 le 21 janvier]<\/div><div class=\"vlp-block-1 vlp-link-summary\">Saint Maxime naquit en 580, au sein d\u2019une illustre famille de Constantinople. Dou\u00e9 d\u2019une intelligence exceptionnelle et&hellip;<\/div><\/div><\/div>\n<p>&nbsp;<\/p>\n","protected":false},"excerpt":{"rendered":"<p>&nbsp; &nbsp; &nbsp; &nbsp;<\/p>\n","protected":false},"author":1,"featured_media":4776,"parent":0,"menu_order":0,"comment_status":"open","ping_status":"closed","template":"","meta":{"footnotes":""},"class_list":["post-4781","page","type-page","status-publish","has-post-thumbnail","hentry"],"_links":{"self":[{"href":"https:\/\/hesychia.eu\/index.php\/wp-json\/wp\/v2\/pages\/4781","targetHints":{"allow":["GET"]}}],"collection":[{"href":"https:\/\/hesychia.eu\/index.php\/wp-json\/wp\/v2\/pages"}],"about":[{"href":"https:\/\/hesychia.eu\/index.php\/wp-json\/wp\/v2\/types\/page"}],"author":[{"embeddable":true,"href":"https:\/\/hesychia.eu\/index.php\/wp-json\/wp\/v2\/users\/1"}],"replies":[{"embeddable":true,"href":"https:\/\/hesychia.eu\/index.php\/wp-json\/wp\/v2\/comments?post=4781"}],"version-history":[{"count":6,"href":"https:\/\/hesychia.eu\/index.php\/wp-json\/wp\/v2\/pages\/4781\/revisions"}],"predecessor-version":[{"id":4810,"href":"https:\/\/hesychia.eu\/index.php\/wp-json\/wp\/v2\/pages\/4781\/revisions\/4810"}],"wp:featuredmedia":[{"embeddable":true,"href":"https:\/\/hesychia.eu\/index.php\/wp-json\/wp\/v2\/media\/4776"}],"wp:attachment":[{"href":"https:\/\/hesychia.eu\/index.php\/wp-json\/wp\/v2\/media?parent=4781"}],"curies":[{"name":"wp","href":"https:\/\/api.w.org\/{rel}","templated":true}]}}

Saint Maxime le Confesseur [†662 – Fêté le 21 janvier]

<p>&nbsp;<br />
&nbsp;<br />
<div class="vlp-link-container vlp-layout-basic"><a href="https://hesychia.eu/index.php/maxime_confession/" class="vlp-link" title="Maxime le Confesseur – Les étapes de la confession"></a><div class="vlp-layout-zone-side"><div class="vlp-block-2 vlp-link-image"><img loading="lazy" decoding="async" style="max-width: 150px;" width="150" height="134" src="https://hesychia.eu/wp-content/uploads/2021/11/sfantul_maxim_marturisitorul.650px.04.jpg" class="attachment-150x999 size-150x999" alt="" srcset="https://hesychia.eu/wp-content/uploads/2021/11/sfantul_maxim_marturisitorul.650px.04.jpg 650w, https://hesychia.eu/wp-content/uploads/2021/11/sfantul_maxim_marturisitorul.650px.04-300x269.jpg 300w" sizes="auto, (max-width: 150px) 100vw, 150px" /></div></div><div class="vlp-layout-zone-main"><div class="vlp-block-0 vlp-link-title">Maxime le Confesseur – Les étapes de la confession</div><div class="vlp-block-1 vlp-link-summary">&nbsp; &nbsp; &nbsp; &nbsp; &nbsp;</div></div></div>
&nbsp;<br />
<div class="vlp-link-container vlp-layout-basic"><a href="https://hesychia.eu/index.php/2021/11/28/maxime-confesseur/" class="vlp-link" title="Mémoire de notre vénérable Père Maxime le Confesseur [†662 – Fêté le 21 janvier]"></a><div class="vlp-layout-zone-side"><div class="vlp-block-2 vlp-link-image"><img loading="lazy" decoding="async" style="max-width: 150px;" width="150" height="184" src="https://hesychia.eu/wp-content/uploads/2021/11/sfantul_maxim_marturisitorul.650px.05.jpg" class="attachment-150x999 size-150x999" alt="" srcset="https://hesychia.eu/wp-content/uploads/2021/11/sfantul_maxim_marturisitorul.650px.05.jpg 650w, https://hesychia.eu/wp-content/uploads/2021/11/sfantul_maxim_marturisitorul.650px.05-244x300.jpg 244w" sizes="auto, (max-width: 150px) 100vw, 150px" /></div></div><div class="vlp-layout-zone-main"><div class="vlp-block-0 vlp-link-title">Mémoire de notre vénérable Père Maxime le Confesseur [†662 – Fêté le 21 janvier]</div><div class="vlp-block-1 vlp-link-summary">Saint Maxime naquit en 580, au sein d’une illustre famille de Constantinople. Doué d’une intelligence exceptionnelle et&hellip;</div></div></div>
<p>&nbsp;</p>
