{"id":3904,"date":"2021-04-22T23:56:35","date_gmt":"2021-04-22T21:56:35","guid":{"rendered":"http:\/\/hesychia.eu\/?page_id=3904"},"modified":"2021-04-23T00:17:06","modified_gmt":"2021-04-22T22:17:06","slug":"le-saint-et-glorieux-grand-martyr-georges-le-victorieux-23-avril","status":"publish","type":"page","link":"https:\/\/hesychia.eu\/index.php\/le-saint-et-glorieux-grand-martyr-georges-le-victorieux-23-avril\/","title":{"rendered":"Le saint et glorieux Grand-Martyr Georges le Victorieux [23 avril]"},"content":{"rendered":"<p>&nbsp;<\/p>\n<p>&nbsp;<\/p>\n<div class=\"vlp-link-container vlp-layout-basic\"><a href=\"https:\/\/hesychia.eu\/index.php\/2021\/04\/22\/saint-georges\/\" class=\"vlp-link\" title=\"La m\u00e9moire du saint et glorieux Grand-Martyr GEORGES le VICTORIEUX et de ses compagnons : ANATOLE, PROTOL\u00c9ON, ATHANASE et GLYK\u00c9RIOS [23 avril]\"><\/a><div class=\"vlp-layout-zone-side\"><div class=\"vlp-block-2 vlp-link-image\"><img loading=\"lazy\" decoding=\"async\" style=\"max-width: 150px;\" width=\"150\" height=\"207\" src=\"https:\/\/hesychia.eu\/wp-content\/uploads\/2021\/04\/st.georges.650px.11.jpg\" class=\"attachment-150x999 size-150x999\" alt=\"\" srcset=\"https:\/\/hesychia.eu\/wp-content\/uploads\/2021\/04\/st.georges.650px.11.jpg 650w, https:\/\/hesychia.eu\/wp-content\/uploads\/2021\/04\/st.georges.650px.11-218x300.jpg 218w\" sizes=\"auto, (max-width: 150px) 100vw, 150px\" \/><\/div><\/div><div class=\"vlp-layout-zone-main\"><div class=\"vlp-block-0 vlp-link-title\">La m\u00e9moire du saint et glorieux Grand-Martyr GEORGES le VICTORIEUX et de ses compagnons : ANATOLE, PROTOL\u00c9ON, ATHANASE et GLYK\u00c9RIOS [23 avril]<\/div><div class=\"vlp-block-1 vlp-link-summary\">Ce grand et admirable athl\u00e8te du Christ \u00e9tait issu d\u2019une famille de Cappadoce, riche et de haute condition. Son&hellip;<\/div><\/div><\/div>\n<div class=\"vlp-link-container vlp-layout-basic\"><a href=\"https:\/\/hesychia.eu\/index.php\/2021\/04\/23\/saint-georges-martyr\/\" class=\"vlp-link\" title=\"SAINT GEORGES, MARTYR\"><\/a><div class=\"vlp-layout-zone-side\"><div class=\"vlp-block-2 vlp-link-image\"><img loading=\"lazy\" decoding=\"async\" style=\"max-width: 150px;\" width=\"150\" height=\"198\" src=\"https:\/\/hesychia.eu\/wp-content\/uploads\/2021\/04\/st.georges.650px.06.jpg\" class=\"attachment-150x999 size-150x999\" alt=\"\" srcset=\"https:\/\/hesychia.eu\/wp-content\/uploads\/2021\/04\/st.georges.650px.06.jpg 650w, https:\/\/hesychia.eu\/wp-content\/uploads\/2021\/04\/st.georges.650px.06-228x300.jpg 228w\" sizes=\"auto, (max-width: 150px) 100vw, 150px\" \/><\/div><\/div><div class=\"vlp-layout-zone-main\"><div class=\"vlp-block-0 vlp-link-title\">SAINT GEORGES, MARTYR<\/div><div class=\"vlp-block-1 vlp-link-summary\">Magnum et memorabile nomen. Voici un grand nom, un nom immortel. <\/div><\/div><\/div>\n<p>&nbsp;<\/p>\n","protected":false},"excerpt":{"rendered":"<p>&nbsp; &nbsp; &nbsp;<\/p>\n","protected":false},"author":1,"featured_media":3892,"parent":0,"menu_order":0,"comment_status":"closed","ping_status":"closed","template":"","meta":{"footnotes":""},"class_list":["post-3904","page","type-page","status-publish","has-post-thumbnail","hentry"],"_links":{"self":[{"href":"https:\/\/hesychia.eu\/index.php\/wp-json\/wp\/v2\/pages\/3904","targetHints":{"allow":["GET"]}}],"collection":[{"href":"https:\/\/hesychia.eu\/index.php\/wp-json\/wp\/v2\/pages"}],"about":[{"href":"https:\/\/hesychia.eu\/index.php\/wp-json\/wp\/v2\/types\/page"}],"author":[{"embeddable":true,"href":"https:\/\/hesychia.eu\/index.php\/wp-json\/wp\/v2\/users\/1"}],"replies":[{"embeddable":true,"href":"https:\/\/hesychia.eu\/index.php\/wp-json\/wp\/v2\/comments?post=3904"}],"version-history":[{"count":4,"href":"https:\/\/hesychia.eu\/index.php\/wp-json\/wp\/v2\/pages\/3904\/revisions"}],"predecessor-version":[{"id":3917,"href":"https:\/\/hesychia.eu\/index.php\/wp-json\/wp\/v2\/pages\/3904\/revisions\/3917"}],"wp:featuredmedia":[{"embeddable":true,"href":"https:\/\/hesychia.eu\/index.php\/wp-json\/wp\/v2\/media\/3892"}],"wp:attachment":[{"href":"https:\/\/hesychia.eu\/index.php\/wp-json\/wp\/v2\/media?parent=3904"}],"curies":[{"name":"wp","href":"https:\/\/api.w.org\/{rel}","templated":true}]}}